, 3, 760343
What are the prime factors of 32756518?
2, 17, 963427
What are the prime factors of 47415?
3, 5, 29, 109
What are the prime factors of 23142553?
7, 109, 619
What are the prime factors of 1423146?
2, 3, 29, 8179
What are the prime factors of 1076363?
389, 2767
List the prime factors of 483429.
3, 17, 9479
List the prime factors of 186685.
5, 37337
What are the prime factors of 667113?
3, 59, 3769
What are the prime factors of 26308?
2, 6577
List the prime factors of 242968.
2, 11, 251
What are the prime factors of 866919?
3, 288973
What are the prime factors of 8547722?
2, 557, 7673
What are the prime factors of 6303301?
6303301
List the prime factors of 18782528.
2, 31, 9467
What are the prime factors of 1566208?
2, 7, 19, 23
What are the prime factors of 1593457?
419, 3803
List the prime factors of 1292656.
2, 173, 467
What are the prime factors of 1754862?
2, 3, 292477
List the prime factors of 5957.
7, 23, 37
What are the prime factors of 1059798?
2, 3, 173, 1021
List the prime factors of 5425909.
5425909
What are the prime factors of 3684854?
2, 109, 16903
What are the prime factors of 1571343?
3, 359, 1459
What are the prime factors of 15225?
3, 5, 7, 29
What are the prime factors of 2513034?
2, 3, 149, 937
What are the prime factors of 1450622?
2, 37, 19603
What are the prime factors of 29155?
5, 7, 17
What are the prime factors of 1216841?
1216841
What are the prime factors of 16666156?
2, 13, 79, 4057
What are the prime factors of 139268?
2, 37, 941
What are the prime factors of 15870393?
3, 7, 11, 22901
List the prime factors of 1929015.
3, 5, 11, 433
List the prime factors of 308238.
2, 3, 7, 41, 179
What are the prime factors of 2019091?
101, 19991
What are the prime factors of 469813?
19, 79, 313
List the prime factors of 326781.
3, 7, 13, 19
List the prime factors of 25757992.
2, 13, 17, 857
List the prime factors of 3975899.
1381, 2879
List the prime factors of 1332135.
3, 5, 7, 4229
What are the prime factors of 7451399?
7451399
List the prime factors of 40219.
37, 1087
List the prime factors of 869356.
2, 217339
List the prime factors of 5610328.
2, 701291
What are the prime factors of 2611382?
2, 1305691
What are the prime factors of 206534?
2, 37, 2791
What are the prime factors of 372008?
2, 7, 13, 73
List the prime factors of 509596.
2, 127399
What are the prime factors of 296144?
2, 83, 223
List the prime factors of 1491211.
37, 41, 983
List the prime factors of 426600.
2, 3, 5, 79
List the prime factors of 585474.
2, 3, 97579
What are the prime factors of 7995788?
2, 1998947
What are the prime factors of 133743?
3, 109, 409
List the prime factors of 1257691.
1257691
List the prime factors of 194883.
3, 13, 19, 263
What are the prime factors of 6189485?
5, 1237897
What are the prime factors of 198939?
3, 13, 5101
List the prime factors of 180846.
2, 3, 17, 197
What are the prime factors of 8811?
3, 11, 89
List the prime factors of 12808963.
61, 209983
What are the prime factors of 2885156?
2, 71, 10159
List the prime factors of 1790372.
2, 17, 113, 233
List the prime factors of 43114.
2, 21557
List the prime factors of 773030.
2, 5, 23, 3361
List the prime factors of 78884.
2, 13, 37, 41
What are the prime factors of 4395506?
2, 2197753
List the prime factors of 143436.
2, 3, 11953
What are the prime factors of 2621885?
5, 7, 23, 3257
List the prime factors of 12640913.
2801, 4513
What are the prime factors of 25001?
23, 1087
List the prime factors of 18311207.
18311207
List the prime factors of 6618666.
2, 3, 1103111
What are the prime factors of 17598019?
67, 262657
What are the prime factors of 1213800?
2, 3, 5, 7, 17
List the prime factors of 2927640.
2, 3, 5, 31, 787
What are the prime factors of 488680?
2, 5, 19, 643
What are the prime factors of 98481?
3, 17, 1931
What are the prime factors of 42350944?
2, 17, 127, 613
List the prime factors of 904836.
2, 3, 75403
List the prime factors of 4487683.
4487683
What are the prime factors of 24431687?
7, 691, 5051
What are the prime factors of 3855491?
1471, 2621
List the prime factors of 288031.
17, 16943
What are the prime factors of 482942?
2, 19, 71, 179
List the prime factors of 529175.
5, 61, 347
What are the prime factors of 1762394?
2, 881197
What are the prime factors of 33643?
17, 1979
List the prime factors of 1246184.
2, 155773
List the prime factors of 8823342.
2, 3, 11, 43, 3109
What are the prime factors of 9835153?
31, 317263
List the prime factors of 8274704.
2, 517169
List the prime factors of 400183.
7, 8167
List the prime factors of 116501.
7, 11, 17, 89
What are the prime factors of 16731663?
3, 13, 429017
List the prime factors of 175136.
2, 13, 421
List the prime factors of 752474.
2, 376237
What are the prime factors of 531940?
2, 5, 26597
List the prime factors of 15665688.
2, 3, 217579
What are the prime factors of 625688?
2, 7, 11173
List the prime factors of 1765371.
3, 193, 3049
What are the prime factors of 3275641?
809, 4049
What are the prime factors of 2023255?
5, 13, 17, 1831
What are the prime factors of 570115?
5, 7, 13, 179
What are the prime factors of 5511198?
2, 3, 7, 11, 79, 151
What are the prime factors of 30461?
83, 367
What are the prime factors of 1269583?
7, 67, 2707
List the prime factors of 1721380.
2, 5, 86069
List the prime factors of 3092812.
2, 701, 1103
List the prime factors of 10580202.
2, 3, 587789
List the prime factors of 8696099.
61, 142559
What are the prime factors of 3217600?
2, 5, 2011
List the prime factors of 239382.
2, 3, 11, 13, 31
What are the prime factors of 55670?
2, 5, 19, 293
List the prime factors of 1650283.
19, 86857
What are the prime factors of 11499780?
2, 3, 5, 137, 1399
List the prime factors of 6726455.
5, 79, 17029
List the prime factors of 525272.
2, 11, 47, 127
List the prime factors of 5549149.
37, 47, 3191
What are the prime factors of 579202?
2, 13, 22277
What are the prime factors of 4664450?
2, 5, 7, 13327
What are the prime factors of 389147?
11, 17, 2081
List the prime factors of 1631413.
7, 23, 10133
What are the prime factors of 10254731?
59, 179, 971
What are the prime factors of 5787978?
2, 3, 7, 19687
List the prime factors of 557988.
2, 3, 46499
What are the prime factors of 1586868?
2, 3, 223, 593
What are the prime factors of 473848?
2, 61, 971
List the prime factors of 603834.
2, 3, 7, 11, 1307
What are the prime factors of 709558?
2, 354779
List the prime factors of 552771.
3, 59, 347
What are the prime factors of 37074?
2, 3, 37, 167
What are the prime factors of 980517?
3, 211, 1549
What are the prime factors of 50302?
2, 7, 3593
What are the prime factors of 3939602?
2, 1969801
What are the prime factors of 332827?
11, 79, 383
What are the prime factors of 653133?
3, 13, 16747
What are the prime factors of 898654?
2, 17, 26431
List the prime factors of 162773.
13, 19, 659
What are the prime factors of 222760?
2, 5, 5569
What are the prime factors of 11281315?
5, 53, 42571
List the prime factors of 427962.
2, 3, 71327
What are the prime factors of 1942089?
3, 647363
What are the prime factors of 2015900?
2, 5, 19, 1061
List the prime factors of 1609948.
2, 402487
What are the prime factors of 1852226?
2, 926113
What are the prime factors of 7489?
7489
What are the prime factors of 362052?
2, 3, 89, 113
List the prime factors of 78900.
2, 3, 5, 263
What are the prime factors of 533080?
2, 5, 13327
List the prime factors of 5201661.
3, 199, 8713
List the prime factors of 126530.
2, 5, 12653
What are the prime factors of 5366511?
3, 596279
List the prime factors of 1923568.
2, 120223
List the prime factors of 671673.
3, 73, 3067
What are the prime factors of 5827687?
5827687
What are the prime factors of 1431325?
5, 7, 8179
List the prime factors of 161640.
2, 3, 5, 449
What are the prime factors of 8532675?
3, 5, 12641
List the prime factors of 722281.
7, 103183
List the prime factors of 215934.
2, 3, 17, 29, 73
List the prime factors of 30869927.
11, 19, 147703
What are the prime factors of 178209?
3, 19801
List the prime factors of 6351704.
2, 59, 13457
What are the prime factors of 397006?
2, 198503
What are the prime factors of 18461678?
2, 31, 191, 1559
What are the prime factors of 327614?
2, 7, 3343
List the prime factors of 3424112.
2, 214007
Wha